{"id":162,"date":"2017-02-22T19:49:44","date_gmt":"2017-02-22T19:49:44","guid":{"rendered":"https:\/\/www.sociedadchilenadelimnologia.cl\/nuevo\/?page_id=162"},"modified":"2026-05-13T21:12:51","modified_gmt":"2026-05-13T21:12:51","slug":"eventos-2","status":"publish","type":"page","link":"https:\/\/www.sociedadchilenadelimnologia.cl\/nuevo\/eventos-2\/","title":{"rendered":"Eventos"},"content":{"rendered":"\t\t<div data-elementor-type=\"wp-page\" data-elementor-id=\"162\" class=\"elementor elementor-162 elementor-bc-flex-widget\">\n\t\t\t\t\t\t<section class=\"elementor-section elementor-top-section elementor-element elementor-element-272beb5 elementor-section-boxed elementor-section-height-default elementor-section-height-default\" data-id=\"272beb5\" data-element_type=\"section\" data-e-type=\"section\">\n\t\t\t\t\t\t<div class=\"elementor-container elementor-column-gap-default\">\n\t\t\t\t\t<div class=\"elementor-column elementor-col-100 elementor-top-column elementor-element elementor-element-02ec127\" data-id=\"02ec127\" data-element_type=\"column\" data-e-type=\"column\">\n\t\t\t<div class=\"elementor-widget-wrap elementor-element-populated\">\n\t\t\t\t\t\t<div class=\"elementor-element elementor-element-9eceb6f elementor-widget elementor-widget-heading\" data-id=\"9eceb6f\" data-element_type=\"widget\" data-e-type=\"widget\" data-widget_type=\"heading.default\">\n\t\t\t\t<div class=\"elementor-widget-container\">\n\t\t\t\t\t<h2 class=\"elementor-heading-title elementor-size-default\">Simposio Limnol\u00f3gico<\/h2>\t\t\t\t<\/div>\n\t\t\t\t<\/div>\n\t\t\t\t\t<\/div>\n\t\t<\/div>\n\t\t\t\t\t<\/div>\n\t\t<\/section>\n\t\t\t\t<section class=\"elementor-section elementor-top-section elementor-element elementor-element-4659419 elementor-section-boxed elementor-section-height-default elementor-section-height-default\" data-id=\"4659419\" data-element_type=\"section\" data-e-type=\"section\">\n\t\t\t\t\t\t<div class=\"elementor-container elementor-column-gap-default\">\n\t\t\t\t\t<div class=\"elementor-column elementor-col-50 elementor-top-column elementor-element elementor-element-96c4161\" data-id=\"96c4161\" data-element_type=\"column\" data-e-type=\"column\">\n\t\t\t<div class=\"elementor-widget-wrap elementor-element-populated\">\n\t\t\t\t\t\t<div class=\"elementor-element elementor-element-6ba31ec elementor-widget elementor-widget-image\" data-id=\"6ba31ec\" data-element_type=\"widget\" data-e-type=\"widget\" data-widget_type=\"image.default\">\n\t\t\t\t<div class=\"elementor-widget-container\">\n\t\t\t\t\t\t\t\t\t\t\t\t\t\t\t<img fetchpriority=\"high\" decoding=\"async\" width=\"800\" height=\"535\" src=\"https:\/\/www.sociedadchilenadelimnologia.cl\/nuevo\/wp-content\/uploads\/2018\/09\/Vina-del-mar_Valparaiso-7-1024x685.jpg\" class=\"attachment-large size-large wp-image-393\" alt=\"Vina Del Mar Valparaiso 7 1024x685\" srcset=\"https:\/\/www.sociedadchilenadelimnologia.cl\/nuevo\/wp-content\/uploads\/2018\/09\/Vina-del-mar_Valparaiso-7-1024x685.jpg 1024w, https:\/\/www.sociedadchilenadelimnologia.cl\/nuevo\/wp-content\/uploads\/2018\/09\/Vina-del-mar_Valparaiso-7-300x201.jpg 300w, https:\/\/www.sociedadchilenadelimnologia.cl\/nuevo\/wp-content\/uploads\/2018\/09\/Vina-del-mar_Valparaiso-7-768x514.jpg 768w, https:\/\/www.sociedadchilenadelimnologia.cl\/nuevo\/wp-content\/uploads\/2018\/09\/Vina-del-mar_Valparaiso-7.jpg 1200w\" sizes=\"(max-width: 800px) 100vw, 800px\" title=\"Eventos\">\t\t\t\t\t\t\t\t\t\t\t\t\t\t\t<\/div>\n\t\t\t\t<\/div>\n\t\t\t\t\t<\/div>\n\t\t<\/div>\n\t\t\t\t<div class=\"elementor-column elementor-col-50 elementor-top-column elementor-element elementor-element-1a5f711\" data-id=\"1a5f711\" data-element_type=\"column\" data-e-type=\"column\">\n\t\t\t<div class=\"elementor-widget-wrap elementor-element-populated\">\n\t\t\t\t\t\t<div class=\"elementor-element elementor-element-5894793 elementor-widget elementor-widget-text-editor\" data-id=\"5894793\" data-element_type=\"widget\" data-e-type=\"widget\" data-widget_type=\"text-editor.default\">\n\t\t\t\t<div class=\"elementor-widget-container\">\n\t\t\t\t\t\t\t\t\t<p class=\"p1\">Esta reuni\u00f3n es organizada por el Laboratorio de Limnoecolog\u00eda de la Universidad de Playa Ancha, en conjunto con el N\u00facleo Milenio de Salm\u00f3nidos Invasores (INVASAL) y el Museo de Historia Natural de Valpara\u00edso, y se llevar\u00e1 a cabo los d\u00edas 10 y 11 de Octubre de 2018 en la ciudad de Valpara\u00edso.<\/p>\t\t\t\t\t\t\t\t<\/div>\n\t\t\t\t<\/div>\n\t\t\t\t<div class=\"elementor-element elementor-element-062af45 elementor-widget elementor-widget-button\" data-id=\"062af45\" data-element_type=\"widget\" data-e-type=\"widget\" data-widget_type=\"button.default\">\n\t\t\t\t<div class=\"elementor-widget-container\">\n\t\t\t\t\t\t\t\t\t<div class=\"elementor-button-wrapper\">\n\t\t\t\t\t<a class=\"elementor-button elementor-button-link elementor-size-sm\" href=\"https:\/\/www.sociedadchilenadelimnologia.cl\/nuevo\/wp-content\/uploads\/2018\/09\/Simposio-de-interes-limnologico-2018-1.pdf\">\n\t\t\t\t\t\t<span class=\"elementor-button-content-wrapper\">\n\t\t\t\t\t\t\t\t\t<span class=\"elementor-button-text\">Ver M\u00e1s<\/span>\n\t\t\t\t\t<\/span>\n\t\t\t\t\t<\/a>\n\t\t\t\t<\/div>\n\t\t\t\t\t\t\t\t<\/div>\n\t\t\t\t<\/div>\n\t\t\t\t\t<\/div>\n\t\t<\/div>\n\t\t\t\t\t<\/div>\n\t\t<\/section>\n\t\t\t\t<\/div>\n\t\t","protected":false},"excerpt":{"rendered":"<p>Simposio Limnol\u00f3gico Esta reuni\u00f3n es organizada por el Laboratorio de Limnoecolog\u00eda de la Universidad de Playa Ancha, en conjunto con el N\u00facleo Milenio de Salm\u00f3nidos Invasores (INVASAL) y el Museo de Historia Natural de Valpara\u00edso, y se llevar\u00e1 a cabo los d\u00edas 10 y 11 de Octubre de 2018 en la ciudad de Valpara\u00edso. Ver [&hellip;]<\/p>\n","protected":false},"author":1,"featured_media":0,"parent":0,"menu_order":0,"comment_status":"closed","ping_status":"closed","template":"","meta":{"footnotes":""},"class_list":["post-162","page","type-page","status-publish","hentry"],"_links":{"self":[{"href":"https:\/\/www.sociedadchilenadelimnologia.cl\/nuevo\/wp-json\/wp\/v2\/pages\/162","targetHints":{"allow":["GET"]}}],"collection":[{"href":"https:\/\/www.sociedadchilenadelimnologia.cl\/nuevo\/wp-json\/wp\/v2\/pages"}],"about":[{"href":"https:\/\/www.sociedadchilenadelimnologia.cl\/nuevo\/wp-json\/wp\/v2\/types\/page"}],"author":[{"embeddable":true,"href":"https:\/\/www.sociedadchilenadelimnologia.cl\/nuevo\/wp-json\/wp\/v2\/users\/1"}],"replies":[{"embeddable":true,"href":"https:\/\/www.sociedadchilenadelimnologia.cl\/nuevo\/wp-json\/wp\/v2\/comments?post=162"}],"version-history":[{"count":5,"href":"https:\/\/www.sociedadchilenadelimnologia.cl\/nuevo\/wp-json\/wp\/v2\/pages\/162\/revisions"}],"predecessor-version":[{"id":394,"href":"https:\/\/www.sociedadchilenadelimnologia.cl\/nuevo\/wp-json\/wp\/v2\/pages\/162\/revisions\/394"}],"wp:attachment":[{"href":"https:\/\/www.sociedadchilenadelimnologia.cl\/nuevo\/wp-json\/wp\/v2\/media?parent=162"}],"curies":[{"name":"wp","href":"https:\/\/api.w.org\/{rel}","templated":true}]}}